 r(-4)?
-107
Let l(a) = -3*a**3 + 26*a**2 - 13*a + 12. What is l(8)?
36
Let z(k) = 9*k - 305. Determine z(35).
10
Let y(w) = -w**2 - 56*w + 312. Determine y(-61).
7
Let c(f) = -26*f**3 + 2*f**2 - 1. Calculate c(-1).
27
Let l(z) = -z**3 - 12*z**2 - 20*z + 18. Calculate l(-10).
18
Let o(s) = -149*s - 1228. What is o(-8)?
-36
Let b(o) = -o**2 - 52*o - 178. Calculate b(-4).
14
Let w(j) = 31*j - 300. Determine w(10).
10
Let n(w) = 2*w**3 + 13*w**2 + 227*w + 1322. Calculate n(-6).
-4
Let d(q) = -20*q + 971. Give d(26).
451
Let j(d) = -2*d**2 - 72*d + 221. Calculate j(-39).
-13
Let j(k) = 2*k**3 - 32*k**2 - 2*k + 134. What is j(16)?
102
Let h(g) = -18*g**3 - 1132*g**2 + 128*g + 114. Determine h(-63).
-12
Let s(l) = 383*l - 90747. Determine s(237).
24
Let m(j) = 16*j + 267. Calculate m(0).
267
Let n(u) = -7*u**2 - 16*u + 232. Give n(6).
-116
Let b(k) = 602*k - 1161. Give b(2).
43
Let n(s) = -3*s**2 - 120*s + 38. Calculate n(-42).
-214
Let a(l) = l**3 - 5*l**2 - 91*l + 449. Give a(5).
-6
Let u(j) = -j**2 + 20*j + 808. Calculate u(40).
8
Let h(q) = -2*q**3 - 28*q**2 - 30*q - 43. Calculate h(-13).
9
Let w(y) = -9*y**2 + 255*y - 946. Determine w(24).
-10
Let h(z) = -29*z - 1491. Determine h(-51).
-12
Let b(l) = -105*l**2 - 223*l - 31. Determine b(-2).
-5
Let d(l) = -52*l + 1417. Calculate d(27).
13
Let r(l) = -54*l**2 + 72*l - 1. Give r(3).
-271
Let a(f) = -f**3 + 18*f**2 - 71*f + 14. What is a(12)?
26
Let j(c) = c**3 - 49*c**2 - 3*c + 220. What is j(49)?
73
Let j(l) = l**3 + 11*l**2 + 18*l - 7. Give j(-10).
-87
Let k(y) = 4*y**3 + 346*y**2 - 153*y + 1822. What is k(-87)?
-5
Let m(f) = 26*f**3 + 5*f**2 + 126*f + 124. What is m(-1)?
-23
Let y(x) = 106*x + 276. What is y(0)?
276
Let o(a) = -2*a**3 + 68*a**2 + 63*a - 60. What is o(35)?
-305
Let i(w) = -120*w**2 + 2879*w + 48. Calculate i(24).
24
Let s(q) = -4*q**2 - 27*q - 30. Calculate s(-8).
-70
Let c(b) = b**3 - 167*b**2 - 184*b + 30725. Calculate c(167).
-3
Let c(f) = 2*f**2 + 40*f + 85. Calculate c(-17).
-17
Let x(s) = 2*s**3 - 54*s**2 + 13*s + 136. Calculate x(27).
487
Let g(p) = 2*p**2 - 8*p + 22. Calculate g(10).
142
Let o(z) = 24*z**2 - 242*z + 5. Calculate o(10).
-15
Let k(d) = 82*d + 63. Determine k(-4).
-265
Let r(d) = -14*d - 309. What is r(22)?
-617
Let c(g) = -32*g**2 + 6*g + 109. Determine c(2).
-7
Let p(o) = 4*o**2 + 15*o - 165. Give p(6).
69
Let k(u) = u**3 + u**2 - 7*u + 278. Give k(0).
278
Let t(d) = 60*d - 1748. What is t(29)?
-8
Let t(k) = 6*k - 46. Determine t(11).
20
Let f(b) = -6*b + 42. What is f(10)?
-18
Let z(t) = 6*t**3 + 34*t**2 - 3*t + 51. Calculate z(-6).
-3
Let p(i) = i**2 + 192*i + 3589. Give p(-171).
-2
Let k(p) = 244*p - 369. Determine k(3).
363
Let k(s) = 5*s**2 + 18*s - 35. Give k(-5).
0
Let f(j) = -j**2 + 19*j - 32. What is f(7)?
52
Let o(m) = 164*m - 1470. Calculate o(9).
6
Let i(z) = z**2 - 7*z + 42. Calculate i(17).
212
Let x(f) = 23*f**3 - 72*f**2 - 5. Give x(2).
-109
Let c(h) = 65*h**2 - 85*h - 82. Determine c(-1).
68
Let q(o) = -o**2 + 103*o + 207. Give q(-2).
-3
Let j(x) = 12*x**3 - 39*x**2 + 7*x - 24. Give j(3).
-30
Let x(q) = 2*q + 55. Calculate x(-17).
21
Let w(z) = -53*z + 500. What is w(10)?
-30
Let f(u) = -u**3 - u**2 - 36*u - 45. Give f(0).
-45
Let u(h) = h**2 + 79*h - 1992. Determine u(-99).
-12
Let f(s) = s**3 + 14*s**2 + 155*s + 3009. What is f(-16)?
17
Let y(g) = 38*g - 3685. Determine y(97).
1
Let g(z) = 433*z - 23381. Give g(54).
1
Let c(u) = -u**3 + 83*u**2 - 76*u - 490. Calculate c(82).
2
Let v(l) = 136*l + 1503. Calculate v(-11).
7
Let v(x) = -2*x**2 + 21*x - 239. Give v(17).
-460
Let j(g) = 118*g + 176. Calculate j(1).
294
Let h(f) = -4*f**3 + 13*f**2 + 11*f - 3. Calculate h(-1).
3
Let y(k) = -k**3 + 30*k**2 - 29*k - 85. Calculate y(29).
-85
Let l(r) = r**3 + 2*r**2 + 3*r - 13. Calculate l(-4).
-57
Let t(l) = l**2 + 9*l - 114. What is t(-19)?
76
Let a(r) = -6*r - 65. Calculate a(-41).
181
Let f(t) = -19*t + 18. Determine f(2).
-20
Let k(c) = -c**2 - 3623*c - 21702. What is k(-6)?
0
Let f(u) = -2*u - 30. What is f(-18)?
6
Let z(v) = -2*v**3 + 21*v**2 - 66*v + 29. What is z(7)?
-90
Let q(j) = -2*j**3 - 18*j**2 - 22*j + 32. Calculate q(-2).
20
Let k(x) = -332*x - 1340. Calculate k(-4).
-12
Let f(i) = -48*i + 1921. Give f(40).
1
Let t(a) = a**2 + 5*a - 546. What is t(21)?
0
Let l(s) = -s**3 + 30*s**2 + 29*s + 116. Calculate l(31).
54
Let i(v) = -35*v + 64. What is i(2)?
-6
Let x(m) = -24*m**3 - 2*m**2 - 5*m - 25. What is x(0)?
-25
Let q(t) = -348*t - 11826. What is q(-34)?
6
Let a(o) = -460*o - 8285. Calculate a(-18).
-5
Let v(g) = -217*g - 435. Determine v(-2).
-1
Let m(s) = 26*s - 16. What is m(2)?
36
Let u(b) = 3*b**3 - 43*b**2 + 7*b - 28. Determine u(14).
-126
Let r(f) = f**3 - 25*f**2 - 5*f + 162. What is r(24)?
-534
Let k(q) = q**3 + 26*q**2 - 58*q - 61. Give k(-28).
-5
Let b(k) = -52*k**2 - 190*k + 34. Give b(-4).
-38
Let v(z) = -187*z + 3183. What is v(17)?
4
Let x(z) = -z**2 + 14*z + 69. Calculate x(24).
-171
Let s(i) = i**3 - 38*i**2 + 105*i + 45. What is s(35)?
45
Let v(j) = 5*j**2 + 52*j - 457. Give v(8).
279
Let c(b) = 15*b - 190. Give c(-6).
-280
Let h(s) = -246*s - 481. What is h(-2)?
11
Let h(z) = 12*z - 109. Give h(9).
-1
Let k(o) = 2*o**2 + 176*o + 829. Determine k(-5).
-1
Let z(c) = 30*c + 522. Give z(-13).
132
Let g(m) = 93*m - 2086. What is g(23)?
53
Let p(u) = u**2 + 38*u + 319. Give p(-27).
22
Let f(t) = 276*t + 785. What is f(-3)?
-43
Let x(p) = 20*p + 298. Determine x(-12).
58
Let l(p) = -7*p**3 + 66*p**2 - 100*p + 142. Calculate l(8).
-18
Let v(b) = 15*b**2 - 8*b - 9. Give v(-1).
14
Let q(l) = -5*l**2 + 35*l - 6. Give q(8).
-46
Let q(c) = -c**3 - 93*c**2 + 186*c - 395. Give q(-95).
-15
Let q(u) = 706*u - 1409. What is q(2)?
3
Let t(v) = -v**2 - 83*v + 5249. What is t(-125)?
-1
Let f(m) = 3*m**3 + 213*m**2 + 802*m - 139. Determine f(-67).
-5
Let b(a) = 20*a**2 - 158*a - 14. Determine b(8).
2
Let a(y) = -15*y + 13. Give a(-27).
418
Let b(w) = -18*w**2 - 871*w + 523. Give b(-49).
-16
Let r(z) = 15*z**2 + 144*z - 26. What is r(-10)?
34
Let q(l) = -6*l**2 - l + 54. Calculate q(-3).
3
Let z(r) = 2*r**2 + 84*r + 300. What is z(-4)?
-4
Let w(l) = -2*l**2 - 21*l + 474. Determine w(12).
-66
Let b(o) = -o**3 + 28*o**2 + 6*o - 169. What is b(27)?
722
Let l(f) = 5*f**3 + 109*f**2 - 19*f + 45. Give l(-22).
-21
Let v(q) = -q**3 - 69*q**2 + 459*q + 704. Determine v(-75).
29
Let z(w) = 38*w + 847. Calculate z(-18).
163
Let u(i) = -2*i**3 - 32*i**2 + 46*i + 271. Give u(-17).
67
Let w(n) = 30*n**3 + 7*n**2 + 16*n - 4. Calculate w(-2).
-248
Let r(u) = 2*u**3 - 29*u**2 + 24*u - 42. Determine r(14).
98
Let h(q) = -45*q - 79. Determine h(-2).
11
Let y(z) = 3*z**2 - 165*z + 2246. Calculate y(25).
-4
Let c(v) = -v**2 - 25*v + 39. Calculate c(-28).
-45
Let h(p) = -2*p**2 - 2*p + 372. Calculate h(-13).
60
Let q(r) = r**3 + 12*r**2 + 5*r - 51. What is q(-11)?
15
Let b(c) = -2*c**3 + 100*c**2 - 97*c - 147. Give b(49).
-98
Let h(n) = -4*n**2 - 129*n - 25. Calculate h(-32).
7
Let q(z) = -2*z**3 + 39*z**2 + 3*z - 9. Calculate q(19).
409
Let j(p) = -20*p**2 + 10*p + 73. Determine j(-4).
-287
Let a(c) = -32*c**2 - 546*c + 9. Give a(-17).
43
Let g(d) = -3*d + 90. Give g(-3).
99
Let l(a) = 22*a - 264. Determine l(13).
22
Let c(s) = -3954*s + 3977. What is c(1)?
23
Let c(a) = -304*a - 920. Determine c(-4).
296
Let p(o) = 11*o - 509. Determine p(50).
41
Let x(q) = -q**2 - 21*q + 134. Determine x(-26).
4
Let z(r) = -258*r - 382. Calculate z(-2).
134
Let x(o) = -o**3 - 49*o**2 + 333*o + 20070. What is x(-47)?
1
Let u(n) = -16*n**3 - 2*n**2 + 3*n + 5. Give u(-1).
16
Let g(l) = 5*l**2 + 162*l + 455. Determine g(-3).
14
Let b(u) = u**3 - 18*u**2 + 13*u + 273. Determine b(16).
-31
Let n(i) = 3*i**3 - 108*i**2 - 15*i + 537. Determine n(36).
-3
Let t(z) = -z**3 + 6*z**2 - 34*z + 301. What is t(10)?
-439
Let u(p) = -2*p**2 - 455*p - 4143. Calculate u(-218).
-1
Let f(o) = o**3 + 8*o**2 + 24*o + 60. Calculate f(-5).
15
Let g(b) = -b**2 - 32*b + 75. Determine g(-35).
-30
Let b(n) = -3*n - 204. Calculate b(-32).
-108
Let g(a) = a**2 + 25*a + 90. What is g(-20)?
-10
Let n(h) = -25*h + 1031. What is n(37)?
106
Let n(p) = -2*p + 77. Give n(49).
-21
Let x(d) = -6*d - 89. Give x(0).
-89
Let x(y) = -y**3 + 30*y**2 - 144*y + 7. Determine x(24).
7
Let u(c) = -4*c + 134. Determi